{"id":119,"date":"2026-04-21T12:45:50","date_gmt":"2026-04-21T12:45:50","guid":{"rendered":"https:\/\/institutduvirtuel.eu\/?page_id=119"},"modified":"2026-04-23T15:49:49","modified_gmt":"2026-04-23T15:49:49","slug":"seminaire-virtuel-quotidien","status":"publish","type":"page","link":"http:\/\/institutduvirtuel.eu\/index.php\/seminaire-virtuel-quotidien\/","title":{"rendered":"S\u00e9minaire virtuel quotidien"},"content":{"rendered":"\n<h1 class=\"wp-block-heading\"><\/h1>\n\n\n\n<blockquote class=\"wp-block-quote is-style-plain is-layout-flow wp-block-quote-is-layout-flow is-style-plain--1\">\n<h3 class=\"wp-block-heading\">S\u00e9minaire \u00ab Psycho(patho)logie psychanalytique du virtuel quotidien \u00bb<\/h3>\n\n\n\n<p>Le s\u00e9minaire du Pr Sylvain Missonnier, Marion Haza-Pery et Xanthie Vlachopoulou comporte des s\u00e9ances ouvertes \u00e0 tous avec conf\u00e9renciers, ainsi que des s\u00e9ances r\u00e9serv\u00e9es aux \u00e9tudiants inscrits au pr\u00e9alable.<\/p>\n\n\n\n<p>Les s\u00e9ances ouvertes ont lieu de 10h \u00e0 12h \u00e0 l\u2019Espace Andr\u00e9e Chedid :<br>60 rue du G\u00e9n\u00e9ral Leclerc \u2013 92130 Issy-Les-Moulineaux.<\/p>\n\n\n\n<hr class=\"wp-block-separator has-alpha-channel-opacity\"\/>\n\n\n\n<h2 class=\"wp-block-heading\">Acc\u00e8s au s\u00e9minaire (Zoom)<\/h2>\n\n\n\n<p>ID r\u00e9union : 2310217762<br>Code secret : 30012018<\/p>\n\n\n\n<p><a href=\"https:\/\/u-paris.zoom.us\/my\/universite?pwd=ZXFSL3NKbDdkRk1xUXd2NUlHWDZiQT09\">https:\/\/u-paris.zoom.us\/my\/universite?pwd=ZXFSL3NKbDdkRk1xUXd2NUlHWDZiQT09<\/a><\/p>\n\n\n\n<hr class=\"wp-block-separator has-alpha-channel-opacity\"\/>\n\n\n\n<h1 class=\"wp-block-heading\">S\u00e9minaire 2025\u20132026<\/h1>\n\n\n\n<p>Plong\u00e9s dans les mondes virtuels, un peu, beaucoup, passionn\u00e9ment<\/p>\n\n\n\n<p>Basile Zimmermann \u2014 Plasticit\u00e9 num\u00e9rique et circulations de formes : l\u2019ordinateur comme non-humain humain \u2014 28 novembre 2025<br>Florent Aziosmanoff \u2014 Living art : dispositifs anim\u00e9s par l\u2019IA, un nouveau support de projection \u2014 3 avril 2026<br>Colloque \u2014 Plong\u00e9s dans les mondes virtuels, un peu, beaucoup, passionn\u00e9ment \u2014 12 juin 2026<\/p>\n\n\n\n<hr class=\"wp-block-separator has-alpha-channel-opacity\"\/>\n\n\n\n<h1 class=\"wp-block-heading\">S\u00e9minaire 2024\u20132025<\/h1>\n\n\n\n<p>Plong\u00e9s dans les mondes virtuels, un peu, beaucoup, passionn\u00e9ment<\/p>\n\n\n\n<p>Sylvain Missonnier et Xanthie Vlachopoulou \u2014 Psycho(patho)logie du virtuel quotidien \u2014 11 octobre 2024<br>Michael Stora \u2014 De l\u2019addiction au jeu vid\u00e9o \u00e0 la cr\u00e9ation : l\u2019\u00c9cole des H\u00e9ros \u2014 28 mars 2025<br>Manuella De Luca \u2014 Les Hikikomori : entre idiome culturel et expression actuelle \u2014 20 juin 2025<\/p>\n\n\n\n<hr class=\"wp-block-separator has-alpha-channel-opacity\"\/>\n\n\n\n<h1 class=\"wp-block-heading\">S\u00e9minaire 2023\u20132024<\/h1>\n\n\n\n<p>Sylvain Missonnier \u2014 Penser l\u2019IA \u2014 20 octobre 2023<br>Arnaud Sylla \u2014 IA et jeux vid\u00e9o \u2014 15 d\u00e9cembre 2023<br>Elsa Godart \u2014 \u00c9thique et IA \u2014 5 avril 2024<br>Colloque \u2014 IVSO M\u00e9tavers et IA \u2014 21 juin 2024<\/p>\n\n\n\n<hr class=\"wp-block-separator has-alpha-channel-opacity\"\/>\n\n\n\n<h1 class=\"wp-block-heading\">S\u00e9minaire 2022\u20132023<\/h1>\n\n\n\n<p>Sylvain Missonnier \u2014 Autour de&nbsp;<em>Ready Player One<\/em>&nbsp;\u2014 9 d\u00e9cembre 2022<br>Xanthie Vlachopoulou \u2014 Enjeux \u00e9thiques du m\u00e9tavers \u2014 10 mars 2023<br>Marion Haza \u2014 Avatar et m\u00e9tavers \u2014 16 juin 2023<\/p>\n\n\n\n<hr class=\"wp-block-separator has-alpha-channel-opacity\"\/>\n\n\n\n<h1 class=\"wp-block-heading\">S\u00e9minaire 2021\u20132022<\/h1>\n\n\n\n<p>Antoine Barsi et Marion Haza-Pery \u2014 Au-del\u00e0 du principe de plaisir, que l\u2019\u00e9cran sature le sujet pendant les confinements \u2014 8 octobre 2021 (Zoom)<br>Arnaud Sylla \u2014 Des outils de m\u00e9diation en ligne ? Entre bricolage et \u00e9preuve de r\u00e9alit\u00e9 en p\u00e9riode de confinement \u2014 17 d\u00e9cembre 2021<br>Jean-Luc Rinaudo \u2014 Confinement et processus p\u00e9dagogique : les processus psychiques mobilis\u00e9s par les enseignants \u2014 18 f\u00e9vrier 2022<br>Milan Hung \u2014 Place de la famille dans les t\u00e9l\u00e9consultations enfants \/ ados \u2014 15 avril 2022<\/p>\n\n\n\n<hr class=\"wp-block-separator has-alpha-channel-opacity\"\/>\n\n\n\n<h1 class=\"wp-block-heading\">S\u00e9minaire 2020\u20132021<\/h1>\n\n\n\n<p>Lise Haddouk, Jean-Luc Rinaudo et Sylvain Missonnier \u2014 Introduction \u00e0 la t\u00e9l\u00e9pr\u00e9sence \u2014 9 octobre 2020<br>Michael Stora \u2014 L\u2019\u00e9cole des h\u00e9ros, dialoguer avec Discord \u2014 20 novembre 2020<br>Catherine Dupuis \u2014 L\u2019enfant et l\u2019analyste au t\u00e9l\u00e9phone : stop ou encore ? \u2014 11 d\u00e9cembre 2020<br>Marion Haza \u2014 Contraintes du dispositif th\u00e9rapeutique \u00e0 m\u00e9diation jeux vid\u00e9o \u00e0 distance \u2014 5 f\u00e9vrier 2021<br>Table ronde (Elsa Godart, Marie-Jos\u00e9 Del Volgo, Aleksandra Pitteri, Olivier Douville, Louis Sciara) \u2014 Le cadre analytique \u00e0 l\u2019\u00e9preuve de l\u2019\u00e9cran \u2014 12 mars 2021<br>Ang\u00e9lique Gozlan \u2014 Application pour entrer en contact avec les adolescents \u2014 21 mai 2021<br>Colloque \u2014 Les r\u00e9seaux sociaux sont-ils v\u00e9ritablement sociaux ? \u2014 18 juin 2021<\/p>\n\n\n\n<hr class=\"wp-block-separator has-alpha-channel-opacity\"\/>\n\n\n\n<h1 class=\"wp-block-heading\">S\u00e9minaire 2019\u20132020<\/h1>\n\n\n\n<p>Gabriela Patino-Lakatos \u2014 L\u2019objet \u00e0 port\u00e9e de main : cons\u00e9quences psychiques et pulsionnelles de l\u2019effacement du geste moteur \u2014 18 octobre 2019<br>Michael Stora \u2014 Les r\u00e9seaux sociaux sont-ils sociaux ? Fuck Algorithmes ! \u2014 15 novembre 2019<br>Elsa Godart \u2014 Le sujet virtuel : entre subjectivation et d\u00e9subjectivation \u2014 24 janvier 2020<br>Florent Cosseron \u2014 Regards cliniques sur les usages adolescents de la toile \u2014 20 mars 2020<br>Marion Haza \u2014 Images de corps et r\u00e9seaux sociaux \u2014 29 mai 2020<\/p>\n\n\n\n<hr class=\"wp-block-separator has-alpha-channel-opacity\"\/>\n\n\n\n<h1 class=\"wp-block-heading\">S\u00e9minaire 2018\u20132019<\/h1>\n\n\n\n<p>Lise Haddouk \u2014 Black Mirror \u2014 9 octobre 2018<br>Marion Haza, Jean-Luc Rinaudo, Sylvain Missonnier \u2014 Les r\u00e9seaux sociaux avant le num\u00e9rique \u2014 13 novembre 2018<br>Ang\u00e9lique Gozlan \u2014 Cyberharc\u00e8lement \u2014 29 janvier 2019<br>Marion Haza et Xanthie Vlachopoulou \u2014 Pornographie et r\u00e9seaux sociaux \u2014 12 mars 2019<br>Jean-Luc Rinaudo et Damani Kinjal \u2014 R\u00e9seaux sociaux en classe \u2014 14 mai 2019<\/p>\n\n\n\n<hr class=\"wp-block-separator has-alpha-channel-opacity\"\/>\n\n\n\n<h1 class=\"wp-block-heading\">S\u00e9minaire 2017\u20132018<\/h1>\n\n\n\n<p>Sylvain Missonnier \u2014 L\u2019\u00e9chographie obst\u00e9tricale du b\u00e9b\u00e9 virtuel \u2014 14 novembre 2017<br>Ang\u00e9lique Gozlan \u2014 Quand b\u00e9b\u00e9 se virtualise \u2014 16 janvier 2018<br>Claude Allard \u2014 L\u2019audiovisuel chez le b\u00e9b\u00e9 \u2014 6 mars 2018<br>Xanthie Vlachopoulou \u2014 Limbo, le b\u00e9b\u00e9 triomphant \u2014 15 mai 2018<\/p>\n\n\n\n<p><\/p>\n\n\n\n<hr class=\"wp-block-separator has-alpha-channel-opacity\"\/>\n\n\n\n<h1 class=\"wp-block-heading\">S\u00e9minaire 2016\u20132017<\/h1>\n\n\n\n<p>Sylvain Missonnier \u2014 Le dancing baby, pionnier de l\u2019E-BABY ? \u2014 22 novembre 2016<br>Sylvie Gosme S\u00e9guret et Fabrice Lesage \u2014 Imageries m\u00e9dicales : doute, croyance et certitudes \u2014 10 janvier 2017<br>Baraq Muchnik \u2014 Les forums et l\u2019E-Baby \u2014 28 mars 2017<br>Guillaume Gorincour \u2014 E-Baby et \u00e9chographie obst\u00e9tricale \u2014 9 mai 2017<\/p>\n\n\n\n<hr class=\"wp-block-separator has-alpha-channel-opacity\"\/>\n\n\n\n<h1 class=\"wp-block-heading\">S\u00e9minaire 2015\u20132016<\/h1>\n\n\n\n<p>Projection \u2014 Frankenstein (1931) \u2014 3 novembre 2015<br>Sylvain Missonnier \u2014 Real Humans (2012\u20132013) \u2014 12 janvier 2016<br>Chlo\u00e9 Lecl\u00e8re \u2014 \u00c9tude des interactions pr\u00e9coces et vid\u00e9o feedback \u2014 15 mars 2016<br>Sylvain Moutier \u2014 Emotions et prise de d\u00e9cision : r\u00e9el vs virtuel \u2014 10 mai 2016<\/p>\n\n\n\n<hr class=\"wp-block-separator has-alpha-channel-opacity\"\/>\n\n\n\n<h1 class=\"wp-block-heading\">S\u00e9minaire 2014\u20132015<\/h1>\n\n\n\n<p>Projection \u2014 Le Golem (1920) \u2014 18 novembre 2014<br>Brigitte Munier \u2014 Robots : la part du mythe \u2014 6 janvier 2015<br>Florian Houssi \u2014 Iron Man \u2014 10 mars 2015<br>Mohamed Chetouani \u2014 Syst\u00e8mes intelligents et robotique \u2014 12 mai 2015<\/p>\n\n\n\n<hr class=\"wp-block-separator has-alpha-channel-opacity\"\/>\n\n\n\n<h1 class=\"wp-block-heading\">S\u00e9minaire 2013\u20132014<\/h1>\n\n\n\n<p>Baraq Muchnik \u2014 Travaux de recherche \u2014 8 octobre 2013<br>Thomas Gaon \u2014 Travaux de recherche \u2014 11 f\u00e9vrier 2014<br>No\u00e9mie Capart \u2014 Travaux de recherche \u2014 10 juin 2014<\/p>\n\n\n\n<hr class=\"wp-block-separator has-alpha-channel-opacity\"\/>\n\n\n\n<h1 class=\"wp-block-heading\">S\u00e9minaire 2012\u20132013<\/h1>\n\n\n\n<p>Geoffroy Willo \u2014 Travaux de recherche \u2014 16 octobre 2012<br>S\u00e9minaire collectif \u2014 M\u00e9diations num\u00e9riques \u2014 20 novembre 2012<br>Thomas Gaon \u2014 Travaux de recherche \u2014 18 d\u00e9cembre 2012<br>S\u00e9minaire collectif \u2014 M\u00e9diation par jeu \u2014 15 janvier 2013<br>Thomas Gaon \u2014 Travaux de recherche \u2014 19 f\u00e9vrier 2013<br>S\u00e9minaire collectif \u2014 Des corps virtuels \u2014 19 mars 2013<br>No\u00e9mie Capart \u2014 Travaux de recherche \u2014 16 avril 2013<br>S\u00e9minaire collectif \u2014 Cr\u00e9er pour soigner \u2014 14 mai 2013<\/p>\n\n\n\n<hr class=\"wp-block-separator has-alpha-channel-opacity\"\/>\n\n\n\n<h1 class=\"wp-block-heading\">S\u00e9minaire 2011\u20132012<\/h1>\n\n\n\n<p>Thomas Gaon \u2014 Travaux de recherche \u2014 18 octobre 2011<br>Geoffroy Willo \u2014 Travaux de recherche \u2014 8 novembre 2011<br>No\u00e9mie Capart \u2014 Travaux de recherche \u2014 6 d\u00e9cembre 2011<br>Geoffroy Willo \u2014 Travaux de recherche \u2014 10 janvier 2012<br>Geoffroy Willo \u2014 Travaux de recherche \u2014 7 f\u00e9vrier 2012<br>Thomas Gaon \u2014 Travaux de recherche \u2014 10 avril 2012<br>Lise Haddouk et Xanthie Vlachopoulou \u2014 Travaux de recherche \u2014 15 mai 2012<br>Collectif \u2014 Travaux divers \u2014 12 juin 2012<\/p>\n\n\n\n<hr class=\"wp-block-separator has-alpha-channel-opacity\"\/>\n\n\n\n<h1 class=\"wp-block-heading\">S\u00e9minaire 2010\u20132011<\/h1>\n\n\n\n<p>Collectif \u2014 Pr\u00e9sentations \u2014 2 novembre 2010<br>Collectif \u2014 Suite des pr\u00e9sentations \u2014 14 d\u00e9cembre 2010<br>Axel Cateland \u2014 Yoocasa \u2014 4 janvier 2011<br>Geoffroy Willo \u2014 Travaux de recherche \u2014 1 f\u00e9vrier 2011<br>Carole Rivi\u00e8re \u2014 Travaux de recherche \u2014 1 mars 2011<\/p>\n\n\n\n<hr class=\"wp-block-separator has-alpha-channel-opacity\"\/>\n\n\n\n<h1 class=\"wp-block-heading\">S\u00e9minaire 2009\u20132010<\/h1>\n\n\n\n<p>Collectif \u2014 Programmation \u2014 29 septembre 2009<br>Geoffroy Willo \u2014 Travaux de recherche \u2014 17 novembre 2009<br>Xanthie Vlachopoulou \u2014 Travaux de recherche \u2014 5 janvier 2010<br>Xanthie Vlachopoulou \u2014 Suite des travaux \u2014 9 mars 2010<br>Thomas Gaon \u2014 Travaux de recherche \u2014 4 mai 2010<br>Projet Ana-mia \u2014 Pr\u00e9sentation collective \u2014 8 juin 2010<\/p>\n<\/blockquote>\n\n\n\n<p><\/p>\n","protected":false},"excerpt":{"rendered":"","protected":false},"author":1,"featured_media":0,"parent":0,"menu_order":0,"comment_status":"closed","ping_status":"closed","template":"","meta":{"footnotes":""},"class_list":["post-119","page","type-page","status-publish","hentry"],"_links":{"self":[{"href":"http:\/\/institutduvirtuel.eu\/index.php\/wp-json\/wp\/v2\/pages\/119","targetHints":{"allow":["GET"]}}],"collection":[{"href":"http:\/\/institutduvirtuel.eu\/index.php\/wp-json\/wp\/v2\/pages"}],"about":[{"href":"http:\/\/institutduvirtuel.eu\/index.php\/wp-json\/wp\/v2\/types\/page"}],"author":[{"embeddable":true,"href":"http:\/\/institutduvirtuel.eu\/index.php\/wp-json\/wp\/v2\/users\/1"}],"replies":[{"embeddable":true,"href":"http:\/\/institutduvirtuel.eu\/index.php\/wp-json\/wp\/v2\/comments?post=119"}],"version-history":[{"count":4,"href":"http:\/\/institutduvirtuel.eu\/index.php\/wp-json\/wp\/v2\/pages\/119\/revisions"}],"predecessor-version":[{"id":129,"href":"http:\/\/institutduvirtuel.eu\/index.php\/wp-json\/wp\/v2\/pages\/119\/revisions\/129"}],"wp:attachment":[{"href":"http:\/\/institutduvirtuel.eu\/index.php\/wp-json\/wp\/v2\/media?parent=119"}],"curies":[{"name":"wp","href":"https:\/\/api.w.org\/{rel}","templated":true}]}}